ded by 15?
13
Let o = 84 - -16. Let h = o + -41. What is the remainder when h is divided by 21?
17
Suppose 551 - 174 = 29*k. Calculate the remainder when 355 is divided by k.
4
Let p be 1 - (-28 + 5 + -2). Let s = 93 + -64. Let c = s - p. Calculate the remainder when 11 is divided by c.
2
Let n(v) = 4*v**2 + 5*v + 1. Calculate the remainder when n(-5) is divided by 26.
24
Suppose -4*l = 22 - 6. Let g = l - -12. Calculate the remainder when 14 is divided by g.
6
Let f = -6 - 7. Let d = f + 15. Suppose -2*q - 8 = -a, 0 = q + q + d. What is the remainder when 17 is divided by a?
5
Suppose 4*z - 26 - 34 = 0. Suppose -2*u - 25 - 79 = -2*p, 4*p + 4*u - 240 = 0. What is the remainder when p is divided by z?
11
Let t = 368 - 181. What is the remainder when t is divided by 10?
7
Let y be 4*(1 - (-4)/(-8)). Suppose -y*h = 4*d - 30, 2*h + 2*h - d = 78. Calculate the remainder when h is divided by 8.
3
Let p = 20 + -7. What is the remainder when 103 is divided by p?
12
Suppose -5*m + 64 = -61. Suppose -2*c + 5 = 1. Suppose 0*x = -d + x + 6, 2*x = c. Calculate the remainder when m is divided by d.
4
Let c(g) = -15*g + 105. Suppose 27 = 6*l - 5*l. Calculate the remainder when l is divided by c(6).
12
Let a be 28/(-126) - 220/(-18). Suppose -4*o = -a + 44. Calculate the remainder when 506/8 - o/(-32) is divided by 22.
19
Let p = -10 + 17. Let n(q) = -q**2 + 11*q - 8. Calculate the remainder when n(7) is divided by p.
6
Suppose -q - 3*q = -292. Suppose -98 = -4*c + 5*d, -4*c - 4*d + 6*d = -92. Suppose -3*k = -53 - c. What is the remainder when q is divided by k?
23
Let h = -39 + 78. Suppose 13*w - 10*w - 42 = 0. What is the remainder when h is divided by w?
11
Let y = 117 - 70. Suppose 3*n + 11 = z + 5, 0 = 3*n - 6. Calculate the remainder when y is divided by z.
11
Suppose 0 = -s + 5*q + 4, -q + 6 = 1. What is the remainder when 68 is divided by s?
10
Suppose 2*u + 8 = 0, 7 = -f - 3*u - 0*u. Suppose -5*r + 6*r - 18 = 0. What is the remainder when r is divided by f?
3
Let y(r) = -71*r + 56. Let j(g) = 70*g - 58. Let b(m) = -5*j(m) - 6*y(m). Calculate the remainder when b(4) is divided by 65.
63
Let v(z) = 114*z + 12. Let h be v(6). Suppose 3*f - h = 7*f. What is the remainder when 43 is divided by 2/16 + f/(-16)?
10
Let j(x) = -x - 9. Let t be (-12)/(-18)*(-18)/(-4). Suppose -5*r = u - 2*u, -t*u - 4*r = -57. What is the remainder when u is divided by j(-15)?
3
Let l(q) = 5*q + 16. Let j be l(-4). What is the remainder when (2/j)/(-2*5/820) is divided by 21?
20
Let p(t) = 15 - 9 - 9*t**2 - 10 - 7*t + t**3. What is the remainder when 2/6 - 292/(-6) is divided by p(10)?
23
Let j(r) = -13*r + 13. Let u be j(6). Suppose -5*p - 25 = 0, 79 = 3*g + 2*p + 227. Let l = g - u. What is the remainder when l is divided by 10?
9
Let p(n) = 18*n - 4. What is the remainder when 423 is divided by p(5)?
79
Suppose -j = -2*j + 4. Let n be (1/(-3))/(j/(-12)). Let c(m) = 3*m**2. Calculate the remainder when c(n) is divided by 2.
1
Suppose 107*g - 119*g = -120. Suppose 108 = 4*i - 88. What is the remainder when i is divided by g?
9
Suppose 5*i - 256 = 29. Calculate the remainder when i is divided by 21.
15
Calculate the remainder when 341 is divided by 21816/192 + (-2)/((-16)/3).
113
Let u(n) = -7*n - 6. Suppose -2*p - 3*c - 20 = 0, 0 = -5*p - c - 18 - 6. Suppose 7*t = 38 + 18. What is the remainder when u(p) is divided by t?
6
Let h = -2538 - -2618. Calculate the remainder when h is divided by 7.
3
Suppose -2*w = -6*w + 20. Suppose 5*j = w*u + 90, 0*j - u + 74 = 3*j. What is the remainder when j is divided by 10?
3
Calculate the remainder when (-9)/(144/(-2972)) - (-1)/4 is divided by 19.
15
Let t = 14 - 2. Suppose t = 4*p - p. What is the remainder when p is divided by 4?
0
Let j(m) = 3*m**2 + m + 5*m - 9 + 0*m**2 + m. Let t be j(4). Suppose 2*k - 4*k + 4 = 0, -3*d + 4*k + t = 0. Calculate the remainder when 98 is divided by d.
23
What is the remainder when (938/402)/((-1)/(-87)) is divided by 6?
5
Let n = 1796 + -1580. Calculate the remainder when n is divided by 73.
70
Let l = 34 + -31. Suppose -74 + 26 = -l*g. What is the remainder when 45 is divided by g?
13
Suppose 13 = b - 11. Calculate the remainder when 71/((-4 - 2)/(-6)) is divided by b.
23
Suppose -16 = -2*r - b, -r = 3*b - 6 - 12. Suppose h = -h + r. Suppose 8 = v - 2. Calculate the remainder when v is divided by h.
1
Suppose 3*m - v = -5*v + 400, 132 = m + 2*v. Suppose -2*z = -3*r - 43, 113 = 5*z - 4*r + 2*r. What is the remainder when m is divided by z?
21
Let f(d) = d + 45. What is the remainder when f(-9) is divided by 19?
17
Suppose -2*h + 16 = -0*h. Let o(f) be the third derivative of f**4/2 + 5*f**3/2 - 7*f**2 + 2*f. What is the remainder when o(h) is divided by 28?
27
Let a(p) be the first derivative of -p**3/3 - 5*p**2/2 + 4*p - 7. Let n be a(-5). Suppose 0 = -n*b + 14 + 14. What is the remainder when 25 is divided by b?
4
Let i = 11 + -17. Let z be 1335/i - 5/(-10). Calculate the remainder when (1/3)/((-2)/z) is divided by 13.
11
Suppose -3*j + 6*j - 399 = 0. Suppose j = 2*i - 71. What is the remainder when i is divided by 21?
18
What is the remainder when 232 is divided by 4368/54 + 4/36?
70
Suppose -11*f + 3*u + 379 = -6*f, -f - 2*u + 81 = 0. What is the remainder when f is divided by 27?
23
Suppose -3*t = -3*v - 174, -4*t + 2*v + 98 = -132. Suppose 0 = j + g - 14, 4*j - 5*g = 6*j - 25. What is the remainder when t is divided by j?
12
Let s(w) = -6 + 8*w + 1 + 0*w. Let o be s(6). Suppose 4*a - o = 5. What is the remainder when 35 is divided by a?
11
Let l = 12 - 12. Let z(k) = k**2 + k + 13. What is the remainder when 49 is divided by z(l)?
10
Suppose 7*f + 175 - 616 = 0. Suppose 0 = 6*v - v - 60. Suppose -2*z - v + 38 = 0. Calculate the remainder when f is divided by z.
11
Let k be ((-198)/55)/((-2)/5). Suppose -k*y + 38 + 79 = 0. Calculate the remainder when 72 is divided by y.
7
Let s(l) be the first derivative of 5*l**2/2 - 3*l + 10. Let d be s(2). Suppose -5*q = -d*q + 54. What is the remainder when 51 is divided by q?
24
Let x be 1*7 + 12/(-6). Suppose -x*i - 210 = -2*o - o, 2*o = 0. Let d = -7 - i. Calculate the remainder when d is divided by 9.
8
Let g = -800 - -843. What is the remainder when 382 is divided by g?
38
Let l(o) = o**3 - 6*o**2 + o + 5. Let k(v) = -2*v**3 + 6*v**2 - 3. Let m be k(4). Let t = -16 - m. What is the remainder when t is divided by l(6)?
8
Suppose r - 54 = -a - 17, -a - 2*r = -34. Suppose -4*m + 11 = -w, 0 = 5*w - a + 15. Calculate the remainder when 30 is divided by m.
2
Let l be 5/5 + (-2)/(2 - 1). Calculate the remainder when ((-20)/l)/(3/6) is divided by 11.
7
Suppose 3*u - 64 = -r, 0 = 4*u + 5*r - 12 - 88. What is the remainder when u is divided by 2 + 18/2 + 1?
8
Suppose 31*b - 34*b = -5*v + 70, b = -3*v + 42. What is the remainder when 52 is divided by v?
10
Suppose -2*x = 5*a - 2*a + 52, -3*a = -x + 64. Let l = a + 36. What is the remainder when 141 is divided by l?
13
Let p be (-11)/(-2) + (-4)/8. Suppose -p*w + 607 = -143. Calculate the remainder when 1/(3 - w/51) is divided by 9.
8
Let w(v) = -v**3 + v**2 - v + 5. Let d(m) = -16*m + 32. Let p be d(2). Suppose 2*s = -p*s + 22. Calculate the remainder when s is divided by w(0).
1
Calculate the remainder when (1 - -1*5)/((-156)/(-6552)) is divided by 32.
28
Suppose 17*m - 4*m = -169. Let z be 10/(-1)*36/(-10). Let q = m + z. What is the remainder when q is divided by 8?
7
Let k = 49 - 35. Let o = -49 + 61. What is the remainder when o is divided by k/8*24/6?
5
Suppose 5*w + 2 - 22 = 0. Let j(l) = l + 63*l**3 - 15*l**2 + 7*l**2 - 62*l**3 - 7 + 1. Calculate the remainder when w is divided by j(8).
0
Suppose -3*o + 4*y = 4, 0*o - 2*y - 4 = -3*o. Let m = 23 - 61. Let t = m + 45. What is the remainder when t is divided by o?
3
Let b be (-3)/15*-4*10. Suppose -3*m - 3*j - b = -7*j, 4*m + 4*j = 36. Suppose c - m*c + 6 = 0. Calculate the remainder when 2 is divided by c.
0
Let a be ((-3)/5)/((-20)/900). Let u = a - 15. What is the remainder when 46 is divided by u?
10
Let r(u) = 45*u**2 + u - 1. Let v be r(1). Suppose -6*s + v = -3*s. Let z = -84 + 113. Calculate the remainder when z is divided by s.
14
Suppose 2*t - 6*t = -100. Calculate the remainder when -2*((-178)/4 + -2) is divided by 605/t - (-2)/(-10).
21
Suppose